2) to base 14.
64a38
-10102101122 (base 3) to base 15
-14e55
-139e6d (base 15) to base 13
-2710cc
111000011011011 (base 2) to base 12
14877
3375b (base 15) to base 2
100111111101001101
What is -4224042023 (base 5) in base 9?
-17525236
Convert -1131301111 (base 4) to base 11.
-242629
212402243 (base 5) to base 16
dc918
159d23 (base 15) to base 2
11111111010101001001
Convert 9ae75 (base 15) to base 7.
4121153
Convert 455353145 (base 6) to base 3.
120202211212102
a06ca (base 13) to base 16
46046
What is 11002000220110 (base 3) in base 12?
885426
-10001100111000100 (base 2) to base 7
-420204
What is 41370535 (base 8) in base 12?
2b33aa5
-11101001001001111011 (base 2) to base 16
-e927b
3024565 (base 8) to base 9
1444305
Convert 3223423 (base 5) to base 15.
113c8
Convert -2738281 (base 10) to base 15.
-391521
Convert 123113003313 (base 4) to base 9.
14441540
What is -84c244 (base 15) in base 14?
-ba6946
Convert -10052342 (base 6) to base 13.
-a0817
-7116310 (base 9) to base 11
-21597a9
31d804 (base 15) to base 11
1381a42
What is 111424303 (base 5) in base 4?
1321300033
What is 101000010001000100 (base 2) in base 3?
22101020121
Convert 1051134 (base 6) to base 8.
150242
Convert -2636358 (base 9) to base 5.
-332112104
-111101110012000 (base 3) to base 12
-24711a6
What is -2249564 (base 10) in base 9?
-4207735
16287d (base 14) to base 2
10111101010100111111
What is 35797 (base 11) in base 13?
1a5bc
Convert -112002112 (base 3) to base 16.
-2822
Convert 11121222201 (base 3) to base 7.
526435
What is -2401233 (base 6) in base 5?
-12442400
What is -3232142 (base 6) in base 8?
-470236
What is -10432143 (base 5) in base 12?
-45852
-4719977 (base 11) to base 15
-acbd64
What is -889596 (base 11) in base 12?
-584895
Convert 14412335 (base 6) to base 4.
1321331003
Convert 20401051 (base 7) to base 12.
6a8371
Convert -12aa255 (base 11) to base 2.
-1000100110001101110101
What is -3c13b9 (base 13) in base 9?
-2664010
What is -198029 (base 16) in base 8?
-6300051
What is 122417a (base 13) in base 3?
101121022120000
Convert -1403a3 (base 13) to base 3.
-220200220120
3a529b (base 16) to base 6
213531311
-12087045 (base 9) to base 5
-3002402413
-324541000 (base 6) to base 9
-11864660
What is 126d340 (base 15) in base 10?
13257735
Convert 1564724 (base 8) to base 16.
6e9d4
-2302203120 (base 4) to base 16
-b28d8
-860583 (base 15) to base 2
-11000010101100111011110
What is -484211 (base 11) in base 14?
-15d6b4
What is -1002e7 (base 16) in base 2?
-100000000001011100111
Convert 1134110001 (base 6) to base 16.
c333f1
Convert 6a2bc6 (base 14) to base 3.
20210212020011
Convert -77500 (base 9) to base 14.
-14a5d
Convert -698118 (base 14) to base 12.
-1254436
Convert 22022110000 (base 3) to base 15.
33730
255554 (base 6) to base 3
1011222221
Convert -1002110223 (base 4) to base 11.
-176113
-10101110001 (base 2) to base 15
-62d
Convert -8b7421 (base 15) to base 2.
-11001011001000110101111
Convert 11031203 (base 8) to base 6.
122502311
-4232330143 (base 5) to base 7
-135254010
Convert -20a302 (base 11) to base 7.
-2565641
111300132102 (base 4) to base 14
a867bc
230780b (base 13) to base 16
a48def
Convert 3021011 (base 6) to base 8.
426677
2876a59 (base 11) to base 12
17a4839
131340 (base 7) to base 4
11333100
21032232 (base 4) to base 15
b306
What is -a28958 (base 13) in base 6?
-213114410
-14645651 (base 8) to base 9
-6283347
What is -675434 (base 8) in base 15?
-478d4
442712 (base 15) to base 5
1312421332
46dd00 (base 15) to base 4
30323022102
What is -ea0d02 (base 15) in base 8?
-52376513
Convert -201210011111 (base 3) to base 6.
-12202451
Convert 11002413 (base 5) to base 3.
11210002111
-3183146 (base 9) to base 8
-6410212
Convert -1300d3 (base 15) to base 4.
-3132201120
-22012001101110 (base 3) to base 15
-5ae289
What is 1001001000010011111 (base 2) in base 14?
7b051
-17c217 (base 14) to base 6
-30001125
221303414 (base 5) to base 16
eb1a8
-1001011001010101100 (base 2) to base 5
-34323014
Convert 1110322000 (base 4) to base 5.
42112101
What is 11021002211 (base 3) in base 5?
10141121
-100011100000100011001 (base 2) to base 4
-10130010121
What is 104b3c (base 16) in base 3?
2000020210111
What is 101001001000101101001 (base 2) in base 10?
1347945
-10013442 (base 5) to base 6
-1410515
Convert -4134434 (base 6) to base 12.
-9741a
-201302114 (base 5) to base 7
-6566261
Convert 7037940 (base 10) to base 13.
15c5580
Convert -320211111010 (base 4) to base 13.
-30c4603
What is -456561 (base 7) in base 11?
-56323
What is -102337 (base 14) in base 9?
-1018137
What is 20310033111 (base 4) in base 11?
1339423
Convert -16a151 (base 12) to base 2.
-1011111011001001101
Convert 4918b (base 12) to base 15.
1e3d2
Convert -4308a61 (base 11) to base 16.
-73ae8a
Convert -1002331033313 (base 4) to base 14.
-248c8d1
Convert -12120201010 (base 3) to base 8.
-326452
What is 2110210321 (base 4) in base 5?
123433234
What is -268576 (base 14) in base 2?
-101000100100000011100
Convert -2723463 (base 8) to base 6.
-24211351
What is -24740 (base 16) in base 3?
-21120211002
What is -100300011 (base 4) in base 13?
-252cc
337427 (base 16) to base 3
20100022121112
What is e09f (base 16) in base 6?
1122115
What is -1511430 (base 7) in base 11?
-12a831
-6bc915 (base 15) to base 10
-5155670
86c48d (base 14) to base 4
101122332031
What is -111110111101000110000 (base 2) in base 13?
-572c64
111330320 (base 4) to base 5
10334122
What is 50bd6 (base 14) in base 4?
233131320
What is 6473d (base 15) in base 8?
1156643
2153402 (base 8) to base 7
4632003
-1b9b40 (base 16) to base 10
-1809216
22000121010202 (base 3) to base 4
100100311331
Convert -1054418 (base 9) to base 7.
-4552346
What is -1202122210221 (base 3) in base 12?
-392a5a
122232002 (base 5) to base 6
20323142
-11333213212 (base 4) to base 14
-2cc8bc
1735a47 (base 11) to base 2
1011010000011001100101
3624747 (base 8) to base 10
993767
Convert -5943 (base 12) to base 7.
-41055
What is -16302b (base 16) in base 11?
-903560
-1102203442 (base 5) to base 9
-4430125
What is 1533ab (base 13) in base 8?
1772171
-397e9 (base 15) to base 13
-65a03
What is -2002022112020 (base 3) in base 14?
-20bd60
What is 60546630 (base 7) in base 8?
23156326
Convert 1166310 (base 7) to base 4.
210320202
-278436 (base 9) to base 5
-20421324
Convert -11112010001110 (base 3) to base 13.
-662028
15321200 (base 7) to base 11
912578
Convert -1462681 (base 11) to base 14.
-49393a
Convert 16470541 (base 8) to base 2.
1110100111000101100001
Convert -76cc5 (base 16) to base 5.
-111032342
Convert -930700 (base 10) to base 13.
-267814
Convert 111b76 (base 12) to base 9.
455400
91c36 (base 15) to base 6
13521423
-1112112010210 (base 3) to base 5
-202123221
11100100111010010100 (base 2) to base 3
1202122011200
Convert -1320103310 (base 5) to base 13.
-8b01b3
-6c6a5a (base 13) to base 5
-1130213222
What is -311310 (base 9) in base 16?
-2d171
What is 6ab50 (base 12) in base 11?
9876a
-1001001011001011 (base 2) to base 3
-1220112211
-255562 (base 7) to base 12
-23687
What is 6bdc11 (base 15) in base 8?
23535444
Convert 235250 (base 7) to base 5.
2331130
Convert 10113013 (base 4) to base 16.
45c7
Convert 301230011 (base 4) to base 11.
129a03
What is -153a97a (base 12) in base 10?
-4311022
-154630 (base 11) to base 13
-85518
Convert 26994 (base 11) to base 5.
2212320
What is -1446246 (base 8) in base 12?
-17aab2
What is 220466 (base 8) in base 2?
10010000100110110
What is -2c9d48 (base 15) in base 2?
-1000001111010000000010
What is -10100111101000000011 (base 2) in base 10?
-686595
What is 310423141 (base 5) in base 7?
13513426
Convert -551378 (base 10) to base 3.
-1001000100102
What is 189879 (base 14) in base 7?
10256612
Convert 52254 (base 13) to base 4.
210002112
Convert 207c8b1 (base 13) to base 7.
146663522
What is 6c28b (base 13) in base 2?
110000011000100111
87245a (base 11) to base 16
1545ba
-43cda (base 14) to base 16
-28258
-122224501 (base 6) to base 4
-20332031311
What is 5a8a6 (base 14) in base 11?
141242
What is -299c33 (base 14) in base 10?
-1448485
What is -6b9773 (base 12) in base 15?
-244d40
-111101032322 (base 4) to base 13
-1202aa1
Convert 47530 (base 9) to base 2.
111110000100011
1720875 (base 9) to base 12
3a2912
Convert -2c5c2 (base 13) to base 16.
-14a09
What is -931480 (ba